{"id":512,"date":"2021-05-22T13:56:56","date_gmt":"2021-05-22T11:56:56","guid":{"rendered":"http:\/\/elchtec.de\/roltec\/?page_id=512"},"modified":"2021-05-22T14:14:10","modified_gmt":"2021-05-22T12:14:10","slug":"my-roltec","status":"publish","type":"page","link":"https:\/\/elchtec.de\/roltec\/my-roltec\/","title":{"rendered":"MY ROLTEC"},"content":{"rendered":"\t\t<div data-elementor-type=\"wp-page\" data-elementor-id=\"512\" class=\"elementor elementor-512\">\n\t\t\t\t\t\t<div class=\"elementor-inner\">\n\t\t\t\t<div class=\"elementor-section-wrap\">\n\t\t\t\t\t\t\t\t\t<section class=\"elementor-section elementor-top-section elementor-element elementor-element-7d2d54c elementor-section-content-middle elementor-reverse-tablet elementor-reverse-mobile elementor-hidden-tablet elementor-hidden-phone elementor-section-boxed elementor-section-height-default elementor-section-height-default\" data-id=\"7d2d54c\" data-element_type=\"section\">\n\t\t\t\t\t\t<div class=\"elementor-container elementor-column-gap-no\">\n\t\t\t\t\t\t\t<div class=\"elementor-row\">\n\t\t\t\t\t<div class=\"aux-parallax-section elementor-column elementor-col-25 elementor-top-column elementor-element elementor-element-919003f\" data-id=\"919003f\" data-element_type=\"column\">\n\t\t\t<div class=\"elementor-column-wrap\">\n\t\t\t\t\t\t\t<div class=\"elementor-widget-wrap\">\n\t\t\t\t\t\t\t\t<\/div>\n\t\t\t\t\t<\/div>\n\t\t<\/div>\n\t\t\t\t<div class=\"aux-parallax-section elementor-column elementor-col-25 elementor-top-column elementor-element elementor-element-b3b264e\" data-id=\"b3b264e\" data-element_type=\"column\">\n\t\t\t<div class=\"elementor-column-wrap elementor-element-populated\">\n\t\t\t\t\t\t\t<div class=\"elementor-widget-wrap\">\n\t\t\t\t\t\t<div class=\"elementor-element elementor-element-1a70052 aux-appear-watch-animation aux-fade-in elementor-widget elementor-widget-aux_modern_heading\" data-id=\"1a70052\" data-element_type=\"widget\" data-widget_type=\"aux_modern_heading.default\">\n\t\t\t\t<div class=\"elementor-widget-container\">\n\t\t\t<section class=\"aux-widget-modern-heading\">\n            <div class=\"aux-widget-inner\"><div class=\"aux-modern-heading-divider\"><\/div><h3 class=\"aux-modern-heading-primary\">Die richtige Auswahl\n<\/h3><h5 class=\"aux-modern-heading-secondary\"><span class=\"aux-head-before\">Wie Sie ihren ROLTEC Rollstuhl zusammenstellen...<\/span><\/h5><div class=\"aux-modern-heading-description\"><p><span style=\"color: #333399\">\u00a0<br \/><\/span><\/p><\/div><\/div>\n        <\/section>\t\t<\/div>\n\t\t\t\t<\/div>\n\t\t\t\t\t\t<\/div>\n\t\t\t\t\t<\/div>\n\t\t<\/div>\n\t\t\t\t<div class=\"aux-parallax-section elementor-column elementor-col-25 elementor-top-column elementor-element elementor-element-f5e4466\" data-id=\"f5e4466\" data-element_type=\"column\">\n\t\t\t<div class=\"elementor-column-wrap elementor-element-populated\">\n\t\t\t\t\t\t\t<div class=\"elementor-widget-wrap\">\n\t\t\t\t\t\t<div class=\"elementor-element elementor-element-485095b aux-appear-watch-animation aux-fade-in elementor-widget elementor-widget-aux_image\" data-id=\"485095b\" data-element_type=\"widget\" data-widget_type=\"aux_image.default\">\n\t\t\t\t<div class=\"elementor-widget-container\">\n\t\t\t<section class=\"widget-container aux-widget-image aux-alignnone aux-parent-au5468f741\">\n    <div class=\"aux-media-hint-frame \">\n        <div class=\"aux-media-image \" >\n        \n            \n\n            \n            <img loading=\"lazy\" decoding=\"async\" width=\"961\" height=\"669\" src=\"image\/gif;base64,R0lGODlhAQABAIAAAAAAAP\/\/\/yH5BAEAAAAALAAAAAABAAEAAAIBRAA7\" class=\"aux-attachment aux-featured-image aux-attachment-id-517 aux-preload aux-blank\" alt=\"Wie-konfiguriere-ich-meinen-Roltec-Rollstuhl-richtig-fuer-mich\" data-ratio=\"1\" data-original-w=\"961\" sizes=\"auto\" data-srcset=\"https:\/\/elchtec.de\/roltec\/wp-content\/uploads\/2021\/05\/Wie-konfiguriere-ich-meinen-Roltec-Rollstuhl-richtig-fuer-mich-150x150.jpg 150w,https:\/\/elchtec.de\/roltec\/wp-content\/uploads\/2021\/05\/Wie-konfiguriere-ich-meinen-Roltec-Rollstuhl-richtig-fuer-mich-300x300.jpg 300w,https:\/\/elchtec.de\/roltec\/wp-content\/uploads\/2021\/05\/Wie-konfiguriere-ich-meinen-Roltec-Rollstuhl-richtig-fuer-mich-768x669.jpg 768w,https:\/\/elchtec.de\/roltec\/wp-content\/uploads\/2021\/05\/Wie-konfiguriere-ich-meinen-Roltec-Rollstuhl-richtig-fuer-mich.jpg 961w\" data-src=\"https:\/\/elchtec.de\/roltec\/wp-content\/uploads\/2021\/05\/Wie-konfiguriere-ich-meinen-Roltec-Rollstuhl-richtig-fuer-mich.jpg\" \/>            \n                <\/div>\n    <\/div>\n\n<\/section><!-- widget-container -->\t\t<\/div>\n\t\t\t\t<\/div>\n\t\t\t\t\t\t<\/div>\n\t\t\t\t\t<\/div>\n\t\t<\/div>\n\t\t\t\t<div class=\"aux-parallax-section elementor-column elementor-col-25 elementor-top-column elementor-element elementor-element-7d73835 aux-appear-watch-animation aux-fade-in-up\" data-id=\"7d73835\" data-element_type=\"column\">\n\t\t\t<div class=\"elementor-column-wrap elementor-element-populated\">\n\t\t\t\t\t\t\t<div class=\"elementor-widget-wrap\">\n\t\t\t\t\t\t<div class=\"elementor-element elementor-element-5b8f573 elementor-hidden-tablet elementor-hidden-phone elementor-widget elementor-widget-aux_modern_heading\" data-id=\"5b8f573\" data-element_type=\"widget\" data-widget_type=\"aux_modern_heading.default\">\n\t\t\t\t<div class=\"elementor-widget-container\">\n\t\t\t<section class=\"aux-widget-modern-heading\">\n            <div class=\"aux-widget-inner\"><h4 class=\"aux-modern-heading-primary\">Presented by ELCHTEC\n\n<\/h4><\/div>\n        <\/section>\t\t<\/div>\n\t\t\t\t<\/div>\n\t\t\t\t\t\t<\/div>\n\t\t\t\t\t<\/div>\n\t\t<\/div>\n\t\t\t\t\t\t\t\t<\/div>\n\t\t\t\t\t<\/div>\n\t\t<\/section>\n\t\t\t\t<section class=\"elementor-section elementor-top-section elementor-element elementor-element-dd03cc3 elementor-section-boxed elementor-section-height-default elementor-section-height-default\" data-id=\"dd03cc3\" data-element_type=\"section\">\n\t\t\t\t\t\t<div class=\"elementor-container elementor-column-gap-default\">\n\t\t\t\t\t\t\t<div class=\"elementor-row\">\n\t\t\t\t\t<div class=\"aux-parallax-section elementor-column elementor-col-100 elementor-top-column elementor-element elementor-element-eb0222f\" data-id=\"eb0222f\" data-element_type=\"column\">\n\t\t\t<div class=\"elementor-column-wrap elementor-element-populated\">\n\t\t\t\t\t\t\t<div class=\"elementor-widget-wrap\">\n\t\t\t\t\t\t<div class=\"elementor-element elementor-element-af0e157 elementor-widget elementor-widget-spacer\" data-id=\"af0e157\" data-element_type=\"widget\" data-widget_type=\"spacer.default\">\n\t\t\t\t<div class=\"elementor-widget-container\">\n\t\t\t\t\t<div class=\"elementor-spacer\">\n\t\t\t<div class=\"elementor-spacer-inner\"><\/div>\n\t\t<\/div>\n\t\t\t\t<\/div>\n\t\t\t\t<\/div>\n\t\t\t\t\t\t<\/div>\n\t\t\t\t\t<\/div>\n\t\t<\/div>\n\t\t\t\t\t\t\t\t<\/div>\n\t\t\t\t\t<\/div>\n\t\t<\/section>\n\t\t\t\t<section class=\"elementor-section elementor-top-section elementor-element elementor-element-9a09851 elementor-section-boxed elementor-section-height-default elementor-section-height-default\" data-id=\"9a09851\" data-element_type=\"section\">\n\t\t\t\t\t\t<div class=\"elementor-container elementor-column-gap-default\">\n\t\t\t\t\t\t\t<div class=\"elementor-row\">\n\t\t\t\t\t<div class=\"aux-parallax-section elementor-column elementor-col-100 elementor-top-column elementor-element elementor-element-eb28099\" data-id=\"eb28099\" data-element_type=\"column\">\n\t\t\t<div class=\"elementor-column-wrap elementor-element-populated\">\n\t\t\t\t\t\t\t<div class=\"elementor-widget-wrap\">\n\t\t\t\t\t\t<div class=\"elementor-element elementor-element-d3a6d74 elementor-widget elementor-widget-text-editor\" data-id=\"d3a6d74\" data-element_type=\"widget\" data-widget_type=\"text-editor.default\">\n\t\t\t\t<div class=\"elementor-widget-container\">\n\t\t\t\t\t\t\t\t<div class=\"elementor-text-editor elementor-clearfix\">\n\t\t\t\t<p style=\"text-align: center;\">Der Elektrorollstuhl von ROLTEC basiert auf einem durchdachten, modularen System.<br>Die Anspr\u00fcche der Kunden stehen absolut im Vordergrund&#8230;<\/p>\n<p style=\"text-align: center;\">Die Bed\u00fcrfnisse jedes Kunden sind einzigartig &#8211; Einsatzbereich und Ausstattung des Rollstuhls m\u00fcssen dieser Individualit\u00e4t Rechnung tragen.<br>Alle wichtigen Merkmale m\u00fcssen begesprochen, hinterfragt und ber\u00fccksichtigt werden, um den optimalen Stuhl zusammenzustellen.<\/p>\n<p style=\"text-align: center;\">Qualit\u00e4t ist der richtige Berater, wenn es um nachhaltige Entscheidungen geht &#8230;!<\/p>\n<p style=\"text-align: center;\">Wir bei ELCHTEC freuen uns darauf, Ihnen das Beste von ROLTEC zu bieten, was der Markt in diesem Segment derzeit bereith\u00e4lt.<\/p>\n<p style=\"text-align: center;\">Wir m\u00f6chten Sie \u00fcber alle M\u00f6glichkeiten der Individualisierung informieren, damit Sie Ihren Rollstuhl so konfigurieren k\u00f6nnen, dass er:<br>&#8211; abgestimmt auf Ihre k\u00f6rperlichen Bed\u00fcrfnisse,<br>&#8211; passend zu Ihren t\u00e4glichen Anforderungen,<br>-Leistung, Gebrauchstauglichkeit und Qualit\u00e4t<\/p><p style=\"text-align: center;\">in sich vereint.<\/p>\n<p style=\"text-align: center;\">Unser ELCHTEC-Team in Deutschland steht Ihnen mit seinem ganzen Wissen zur Seite, um Ihre W\u00fcnsche mit den Roltec-Komponenten bestm\u00f6glich umzusetzen bis der optimale Stuhl gefunden und gebaut ist.<\/p>\t\t\t\t\t<\/div>\n\t\t\t\t\t\t<\/div>\n\t\t\t\t<\/div>\n\t\t\t\t\t\t<\/div>\n\t\t\t\t\t<\/div>\n\t\t<\/div>\n\t\t\t\t\t\t\t\t<\/div>\n\t\t\t\t\t<\/div>\n\t\t<\/section>\n\t\t\t\t<section class=\"elementor-section elementor-top-section elementor-element elementor-element-581a31b elementor-section-boxed elementor-section-height-default elementor-section-height-default\" data-id=\"581a31b\" data-element_type=\"section\">\n\t\t\t\t\t\t<div class=\"elementor-container elementor-column-gap-default\">\n\t\t\t\t\t\t\t<div class=\"elementor-row\">\n\t\t\t\t\t<div class=\"aux-parallax-section elementor-column elementor-col-100 elementor-top-column elementor-element elementor-element-3c92f3e\" data-id=\"3c92f3e\" data-element_type=\"column\">\n\t\t\t<div class=\"elementor-column-wrap elementor-element-populated\">\n\t\t\t\t\t\t\t<div class=\"elementor-widget-wrap\">\n\t\t\t\t\t\t<div class=\"elementor-element elementor-element-c350f14 elementor-widget elementor-widget-spacer\" data-id=\"c350f14\" data-element_type=\"widget\" data-widget_type=\"spacer.default\">\n\t\t\t\t<div class=\"elementor-widget-container\">\n\t\t\t\t\t<div class=\"elementor-spacer\">\n\t\t\t<div class=\"elementor-spacer-inner\"><\/div>\n\t\t<\/div>\n\t\t\t\t<\/div>\n\t\t\t\t<\/div>\n\t\t\t\t\t\t<\/div>\n\t\t\t\t\t<\/div>\n\t\t<\/div>\n\t\t\t\t\t\t\t\t<\/div>\n\t\t\t\t\t<\/div>\n\t\t<\/section>\n\t\t\t\t<section class=\"elementor-section elementor-top-section elementor-element elementor-element-8dff4c1 elementor-section-boxed elementor-section-height-default elementor-section-height-default\" data-id=\"8dff4c1\" data-element_type=\"section\">\n\t\t\t\t\t\t<div class=\"elementor-container elementor-column-gap-default\">\n\t\t\t\t\t\t\t<div class=\"elementor-row\">\n\t\t\t\t\t<div class=\"aux-parallax-section elementor-column elementor-col-100 elementor-top-column elementor-element elementor-element-7027a05\" data-id=\"7027a05\" data-element_type=\"column\">\n\t\t\t<div class=\"elementor-column-wrap elementor-element-populated\">\n\t\t\t\t\t\t\t<div class=\"elementor-widget-wrap\">\n\t\t\t\t\t\t<div class=\"elementor-element elementor-element-dca5f74 elementor-widget elementor-widget-image\" data-id=\"dca5f74\" data-element_type=\"widget\" data-widget_type=\"image.default\">\n\t\t\t\t<div class=\"elementor-widget-container\">\n\t\t\t\t\t\t\t\t<div class=\"elementor-image\">\n\t\t\t\t\t\t\t\t\t\t\t\t<img loading=\"lazy\" decoding=\"async\" width=\"1800\" height=\"2560\" src=\"https:\/\/elchtec.de\/roltec\/wp-content\/uploads\/2021\/05\/Seite_4_ELCH-scaled.jpg\" class=\"attachment-full size-full wp-image-519\" alt=\"\" srcset=\"https:\/\/elchtec.de\/roltec\/wp-content\/uploads\/2021\/05\/Seite_4_ELCH-scaled.jpg 1800w, https:\/\/elchtec.de\/roltec\/wp-content\/uploads\/2021\/05\/Seite_4_ELCH-1080x1536.jpg 1080w, https:\/\/elchtec.de\/roltec\/wp-content\/uploads\/2021\/05\/Seite_4_ELCH-1440x2048.jpg 1440w\" sizes=\"auto, (max-width: 1800px) 100vw, 1800px\" \/>\t\t\t\t\t\t\t\t\t\t\t\t\t\t<\/div>\n\t\t\t\t\t\t<\/div>\n\t\t\t\t<\/div>\n\t\t\t\t\t\t<\/div>\n\t\t\t\t\t<\/div>\n\t\t<\/div>\n\t\t\t\t\t\t\t\t<\/div>\n\t\t\t\t\t<\/div>\n\t\t<\/section>\n\t\t\t\t\t\t\t\t\t<\/div>\n\t\t\t<\/div>\n\t\t\t\t\t<\/div>\n\t\t","protected":false},"excerpt":{"rendered":"<p>Die richtige Auswahl Wie Sie ihren ROLTEC Rollstuhl zusammenstellen&#8230; \u00a0 Presented by ELCHTEC Der Elektrorollstuhl von ROLTEC basiert auf einem durchdachten, modularen System.Die Anspr\u00fcche der Kunden stehen absolut im Vordergrund&#8230; Die Bed\u00fcrfnisse jedes Kunden sind einzigartig &#8211; Einsatzbereich und Ausstattung des Rollstuhls m\u00fcssen dieser Individualit\u00e4t Rechnung tragen.Alle wichtigen Merkmale m\u00fcssen begesprochen, hinterfragt und ber\u00fccksichtigt werden, [&hellip;]<\/p>\n","protected":false},"author":2,"featured_media":0,"parent":0,"menu_order":0,"comment_status":"closed","ping_status":"closed","template":"","meta":{"footnotes":""},"class_list":["post-512","page","type-page","status-publish","hentry"],"_links":{"self":[{"href":"https:\/\/elchtec.de\/roltec\/wp-json\/wp\/v2\/pages\/512","targetHints":{"allow":["GET"]}}],"collection":[{"href":"https:\/\/elchtec.de\/roltec\/wp-json\/wp\/v2\/pages"}],"about":[{"href":"https:\/\/elchtec.de\/roltec\/wp-json\/wp\/v2\/types\/page"}],"author":[{"embeddable":true,"href":"https:\/\/elchtec.de\/roltec\/wp-json\/wp\/v2\/users\/2"}],"replies":[{"embeddable":true,"href":"https:\/\/elchtec.de\/roltec\/wp-json\/wp\/v2\/comments?post=512"}],"version-history":[{"count":10,"href":"https:\/\/elchtec.de\/roltec\/wp-json\/wp\/v2\/pages\/512\/revisions"}],"predecessor-version":[{"id":525,"href":"https:\/\/elchtec.de\/roltec\/wp-json\/wp\/v2\/pages\/512\/revisions\/525"}],"wp:attachment":[{"href":"https:\/\/elchtec.de\/roltec\/wp-json\/wp\/v2\/media?parent=512"}],"curies":[{"name":"wp","href":"https:\/\/api.w.org\/{rel}","templated":true}]}}